(u) = u**3 - 15*u**2 - 10*u + 138. Let f be d(16). What is the greatest common factor of f and 26?
26
Let v be -20*105/28*-1 - 6. What is the greatest common factor of 69 and v?
69
Suppose -8*j + 200 = 5*r - 13*j, r - 2*j = 42. What is the greatest common divisor of r and 19?
19
Let n(l) = -40*l + 82. Let p be n(2). Suppose -73*r + 68*r = -40. Calculate the highest common factor of p and r.
2
Let u be (1/(-4 - -2))/((-3)/714). Calculate the greatest common divisor of 21 and u.
7
Let j(y) = y. Let s be j(4). Suppose 0*k = s*k - 12. Calculate the highest common divisor of k and 2.
1
Let w be (-5)/(-20) + 867/4. Suppose -5*t - 157 + w = 0. Let q = 306 - 174. What is the greatest common factor of t and q?
12
Let t = -11 - -65. Let h(s) = s**3 + 2*s**2 - s + 4. Let g be h(-3). Let d = 8 + g. What is the greatest common factor of d and t?
6
Let n = 545 + -363. Calculate the greatest common factor of n and 14.
14
Let x(c) = c - 8. Let j be x(5). Let r be (-80)/(-24) + (-2)/j. Let f = r - -4. What is the highest common divisor of 40 and f?
8
Let j = -32 - -31. Let b(o) = o + 3. Let p be b(j). Calculate the highest common divisor of 1 and p.
1
Let k = -3 + 3. Suppose k = -3*d - 2*f + 26, -2*f + 22 = d + 2*f. Let g be (4 + 14/(-2))*-3. Calculate the greatest common divisor of d and g.
3
Let s = -116 + 81. Let y be (-6)/10*s/(-7). Let f be (-65)/(-20) - y/4. Calculate the greatest common factor of f and 32.
4
Let g be 6/33 - (-5571)/33. Calculate the greatest common factor of 26 and g.
13
Suppose -13*y + 20 = -9*y. Let n be -1 - 0 - -1*1. Suppose n*c = -y*c + 20. Calculate the highest common factor of 4 and c.
4
Let y = 25 + -7. Suppose 6*x = r + 4*x - 12, 0 = 5*x. Calculate the highest common divisor of r and y.
6
Let s = 3 - 1. Suppose -6 = -s*h, -5*h - 27 = -4*o - 10. Let d(p) = -p**2 + 15*p + 20. Let b be d(12). Calculate the highest common divisor of o and b.
8
Suppose -5*j - w + 4*w = 24, 3*j - 5*w = -8. Let m be (j/15)/(1/(-25)). Let p = -7 - -17. What is the greatest common factor of p and m?
10
Let c = 159 - 139. What is the highest common divisor of 220 and c?
20
Let g(x) = -x**3 + 5*x**2 + 7*x - 9. Let m be g(6). Let h be (3 - -13) + (m - -1). Calculate the greatest common divisor of h and 112.
14
Let b = 119 + 41. Calculate the highest common divisor of b and 128.
32
Let n(w) = 3*w - 9. Suppose -7*m = -5*m - 18. Let a be n(m). Calculate the highest common divisor of a and 24.
6
Let j be 4/14 - 108/(-14). Let c = 48 - 48. Suppose -2*f + c*f = -64. What is the greatest common divisor of f and j?
8
Suppose -3*z - 8 = -5*z. Suppose 0 = -t - z*t. Suppose 2*y + 5*w = -2*y + 365, t = -3*y - 5*w + 275. What is the highest common divisor of y and 18?
18
Let o be ((-8)/(-12))/(3/63). Suppose 0 = -z + 2*s + o, 0*z - 2*z + 36 = 4*s. Calculate the greatest common factor of z and 2.
2
Suppose c + 4 = -1, -33 = -4*l + 5*c. Let a be l/(-7) - (-1536)/84. Suppose -3*q = 4 - 10. What is the highest common factor of a and q?
2
Let l = 10 + -2. Suppose 4*u + 141 - 397 = 0. Calculate the highest common factor of u and l.
8
Let l = -2362 - -2642. What is the highest common factor of 448 and l?
56
Let b be ((-173)/(-346))/(2/(47 + 1)). What is the greatest common divisor of b and 6?
6
Let y = 1 - 1. Suppose -2*b - w - 2*w = -19, y = b + w - 11. Suppose 0 = 268*o - 269*o + 26 - 5. Calculate the greatest common divisor of b and o.
7
Suppose 12400 = 88*n - 72*n. What is the highest common factor of 31 and n?
31
Let j = 350 + -160. Calculate the highest common factor of j and 76.
38
Let a be (-32)/(2/10 + 1173/(-3315)). What is the greatest common factor of a and 78?
26
Let a be 9/(-6) + (3 - (-20)/8). What is the highest common divisor of 36 and a?
4
Let q be (2/4)/((-3)/18). Let s(x) = 10*x**2 - 4*x - 3. Let t be s(q). Suppose -343*k + 315*k = -252. Calculate the greatest common divisor of k and t.
9
Suppose -3*c = -2*o - 70, -4*o = 4*c + o - 124. Suppose -54 = -3*y - 3*b, 4*y - 8*b + 7*b = 47. What is the greatest common divisor of y and c?
13
Let g = 532 + -499. Calculate the highest common factor of 143 and g.
11
Suppose -27 = -k + 8*w - 5*w, 0 = -5*k - w + 119. Calculate the greatest common divisor of k and 3.
3
Let n be 68 + 2 + (-5 - -5). Calculate the highest common factor of n and 112.
14
Let y = 1040 - 1031. What is the greatest common factor of y and 1242?
9
Suppose -30 = -245*p + 239*p. Calculate the greatest common factor of 285 and p.
5
Let x(w) = 9*w + 433. Let s be x(33). Calculate the greatest common divisor of 10 and s.
10
Let p = 5 - -9. Let b be p/(4/((-8)/(-2))). Let z = -62 + 188. What is the greatest common factor of z and b?
14
Let p be -2*35/(-2) - -3. Let y(r) = 0*r + 1 - 3*r - 2*r + 2*r. Let g be y(-6). Calculate the greatest common factor of g and p.
19
Let j be -1815*(0 + -2)*2/12. What is the highest common factor of j and 55?
55
Suppose 7*t - 420 = -21*t. Calculate the highest common divisor of t and 570.
15
Suppose -7149 = -31*y - 205. What is the highest common factor of 160 and y?
32
Let j(y) = 13*y - 45. Let x be j(5). Calculate the highest common divisor of 25 and x.
5
Let z be (-5)/(-10) - (-15)/6. Let p(d) = 10*d - 18. Let s be p(z). What is the highest common factor of s and 48?
12
Let i be 2 + 4 + (-7 - -2). Calculate the greatest common divisor of i and 139.
1
Let p = -25 + 49. Suppose -x = -h + 3*h + 43, -2*x = -2*h + 86. Let t = x - -103. What is the greatest common divisor of t and p?
12
Let j = 1086 + -542. Calculate the highest common divisor of j and 64.
32
Suppose 5*p + t - 4 = 12, -3*p - 8 = 5*t. Suppose -3*i + 215 = 5*b, 5*i - 113 = -p*b + b. What is the highest common divisor of 115 and b?
23
Suppose 0 = p - 3*p + 110. Let q = -14 + 18. Suppose c + q = 26. What is the greatest common divisor of p and c?
11
Suppose 2310 = 2*y + 3*y. Calculate the greatest common divisor of 14 and y.
14
Suppose 5 = b + 1. Suppose -75 = -b*u + 2*u - s, -s = 4*u - 151. Calculate the greatest common divisor of 380 and u.
38
Suppose -y + 5*y = 4*x + 56, -3*y = -4*x - 39. Suppose 5*l - 290 - 220 = 0. What is the highest common factor of l and y?
17
Let i(l) = -l**2 - 43*l + 144. Let d be i(0). What is the highest common divisor of 208 and d?
16
Suppose -6*d + 7*d + 4 = y, -3*y - 4*d = -26. Calculate the highest common divisor of y and 24.
6
Suppose -a - 10 = -z, a - 34 = -4*z - a. Let i = 1642 - 1408. Calculate the greatest common factor of i and z.
9
Suppose f + 14 = 3*h, 0 = -5*h - 4*f + 1 + 11. Suppose -h*n - 3*g = -2*g + 5, 0 = 4*n - 4*g. Let c = n - -3. Calculate the greatest common factor of c and 10.
2
Suppose 0 = -4*a + 3*k + 24 - 3, 2*k = 5*a - 28. What is the highest common divisor of a and 30?
6
Suppose 102 - 30 = 2*x. Suppose -127*u = -2945 - 4089 + 938. What is the highest common factor of u and x?
12
Let m(z) = -z**3 + 25*z**2 - 43*z - 45. Let d be m(23). Calculate the greatest common divisor of 228 and d.
12
Suppose -8*n = -2497 - 1103. What is the greatest common divisor of 250 and n?
50
Suppose -5*w + 160 = 5*k - w, -3*k + 2*w + 118 = 0. Let m = -680 + 704. What is the highest common divisor of k and m?
12
Suppose -3*x = 44 - 152. What is the greatest common divisor of 1584 and x?
36
Suppose -8*r + 4*r = -192. Let v be r/30*20/2. What is the highest common factor of 176 and v?
16
Suppose -290 = -5*n + 3*w, -115 = -2*n - 4*w + 5*w. Suppose 4*z - 1 = n. Calculate the greatest common divisor of z and 7.
7
Suppose 2*o = 5*w + 695, 2*w - 606 = -2*o + 110. What is the greatest common factor of o and 142?
71
Let v(o) = o**2 - 9*o + 19. Let t be 16*(-3)/(2 + -8). Let p be v(t). Let u be 1/((-1)/(-10 + -1)). Calculate the highest common divisor of p and u.
11
Let b be 174*(42/(-36) + (-3)/(-2)). What is the highest common divisor of b and 2?
2
Let g be (3/2)/(4/24). Calculate the highest common factor of 117 and g.
9
Let q(r) = 18*r**3 - 4*r**2 - 2*r + 2. Let c be q(2). Let s = -21 + 35. What is the greatest common factor of c and s?
14
Suppose m - 2*u = 2, -4*u - 1 = m - 3. Suppose i - m*h = 31, 7*h - 2*h - 38 = -3*i. Calculate the highest common divisor of 3 and i.
3
Let v be (10 + (-20016)/9)/(-2). Calculate the greatest common divisor of v and 27.
27
Suppose -4*f + 3*b = -327, 0 = -3*b + b - 10. Let i = -38 + f. What is the g